. Let z = 55 + l. List the prime factors of z.
47
Let t(v) = -21*v + 37. Let a be (0 + -2 - -3)*0. List the prime factors of t(a).
37
Suppose f - 1328 = 733. Suppose 8*r - f = 5155. What are the prime factors of r?
2, 11, 41
Let f = -552 + 60. Let a = 835 + f. Suppose 5*w - k = a, w - k - 34 = 37. List the prime factors of w.
2, 17
Suppose 7*a = -2*t + 52575, t + 4*a = 4*t - 78790. List the prime factors of t.
2, 5, 37, 71
Let o(w) = -16*w**2 + 8*w + 18. Let u be o(-6). Let a = -337 - u. List the prime factors of a.
269
Let c be 71720/(-200) + 3/5. Let s = 448 + c. List the prime factors of s.
2, 3, 5
Suppose 1503 = -4*u + 733 + 5326. What are the prime factors of u?
17, 67
Let d = -6272 + 10577. List the prime factors of (d/9 - 5)/((-10)/(-15)).
2, 5, 71
Let p = 729 + -727. Suppose 2*g + p*z - 283 = 5*z, 4*g - 4*z = 560. What are the prime factors of g?
137
Suppose -20 = -5*v, r - 2*v - 4 = -3*r. Suppose 0 = -r*q + 1758 - 69. List the prime factors of q.
563
Suppose -4 = 5*q - 2*r, 2 = 4*q + q + r. Suppose q = 5*o + 1328 + 247. List the prime factors of (0 - o/5)/1.
3, 7
Suppose -16 = 4*i, -5*g = 4*i - 3049 - 3820. Suppose -6*m = -4587 + g. List the prime factors of m.
5, 107
Let h be 5 + (-8 - -8)*1/(-1). Suppose h*l - 113 + 38 = 0. Suppose -l*j + 25 = -14*j. List the prime factors of j.
5
Let k(c) = 11*c - 89. Let o(x) = 15*x - 90. Let i(n) = -3*k(n) + 4*o(n). What are the prime factors of i(39)?
2, 3, 5
Let s be 8 + -11 - (-2529 - 3). Suppose 0 = -3*i + 12, i - 4*i + s = 3*q. What are the prime factors of q?
839
Let s(d) = -15 - 140*d - 4 - 214*d. List the prime factors of s(-2).
13, 53
Let j(g) = -12*g**2 - 5*g + 25. Let s be j(14). Let i = -1551 - s. List the prime factors of i.
2, 3, 47
Suppose 46*a + 4 = 42*a. What are the prime factors of a*273/14*96/(-9)?
2, 13
Let p(g) = 60*g**2 + 29*g + 92. What are the prime factors of p(9)?
13, 401
List the prime factors of (-4 - -4) + ((-19292)/35)/(4/(-70)).
2, 7, 13, 53
Suppose 5*g + 8 = g. Let h(n) = n**2 + 6*n + 10. Let f be h(g). Suppose -f*v + 333 = v. What are the prime factors of v?
3, 37
Let z = 7901 + -3911. List the prime factors of z.
2, 3, 5, 7, 19
Let b(v) = 25*v + 24. Let l be b(5). Let r = l - 137. List the prime factors of r.
2, 3
Let i(g) = -3*g**3 - 9*g**2 + 7*g + 2*g**3 + 11 - 35. Let l be i(-10). Suppose l*b + 179 - 551 = 0. What are the prime factors of b?
2, 31
Suppose 0 = 5*z + 4*l - 6849, -5*l = -2*z + z + 1364. What are the prime factors of (z - 14)*(-3)/(-5)?
3, 271
Let b be 0 + -4 + 445 - -5. Suppose b - 126 = 16*y. Suppose 0 = -s + 2*s + p - y, 0 = -s + 3*p + 8. List the prime factors of s.
17
Suppose p = -p + 8. Suppose 52 = p*c + 12. Suppose 2*x - 3*j = 4*x - c, 0 = -5*j - 10. List the prime factors of x.
2
Suppose -4*u = -16, 0 = 2*p - 3*u + 210 + 68. Suppose -2*s - 113 = -2*y + 3*y, 2*s - 101 = y. Let r = y - p. List the prime factors of r.
2, 13
Let o(p) = -10*p - 88. Let x be o(-9). Suppose 563 = 3*b + 4*a, -5*b - x*a - 3*a = -930. List the prime factors of b.
181
Suppose -8 = 2*d, 4*d - 159 = 4*n - 31. Let t(y) = -44*y - 89. List the prime factors of t(n).
5, 13, 23
Let d = 3939 + -1322. What are the prime factors of d?
2617
Let n(s) = -s**3 + 71*s**2 + 31*s + 261. List the prime factors of n(65).
2, 19, 727
Suppose 4*y + 3 = -3*h, 0*y - 3*y = 9. Suppose 0 = -h*a - 268 + 1108. List the prime factors of a.
2, 5, 7
Suppose 23*t - 24*t + 19 = 0. Suppose p - 8 = q, 0*p = -2*p + 5*q + t. Let h(z) = 16*z - 23. List the prime factors of h(p).
89
List the prime factors of 3/(-2)*(-19)/228*50392.
6299
Let n be (-2)/(-4) - (-1 - (-4)/(-8)). Let a(v) = v + 4. Let t be a(0). Suppose -2*x = -2*r - 110, t*r - 228 = -n*x - 2*x. What are the prime factors of x?
2, 7
Suppose 29 = -8*b + 125. Suppose -2*v - s + b = -37, 0 = 4*v - 4*s - 128. What are the prime factors of v?
3
What are the prime factors of 1650/(-440)*(-14790 + 2)?
3, 5, 3697
Let c(s) = 12030*s**2 - s + 1. List the prime factors of c(1).
2, 3, 5, 401
Suppose 0 = -u - x - 1, -25 = 5*u - 3*x - 12. List the prime factors of u + -9 + -8 + 860.
29
Let u(q) = 3*q + 75. Let v be u(-24). Let x be (v/15)/((-4)/10)*0. Suppose 5*m + 2*h - 51 = x, 3*m - 12 - 12 = h. List the prime factors of m.
3
Suppose 95 = -4*f - 65. List the prime factors of 4 + 7/((-14)/f).
2, 3
Let c(z) = 152*z + 12. Let q be c(-6). Let u be ((-44)/(-10) - 2)/((-4)/q). Suppose -5*w + w = -u. List the prime factors of w.
3, 5
Let g(h) = 7*h**2 - h - 4. Let o(b) = 4*b - 16. Let r be o(4). Suppose 11*n - 6*n - 15 = r. What are the prime factors of g(n)?
2, 7
Let a be 51 - ((9 - 5) + -1). Let u = 53 - a. Suppose 5*i + u = 0, -2*d + 6*d + 4*i - 680 = 0. What are the prime factors of d?
3, 19
Suppose 45 = -5*l + 30. Let k be 126/(-12)*8/l. List the prime factors of (-96)/k*(-42)/4.
2, 3
Suppose -8*z = -2*x - 13*z + 10211, 5*x - z = 25595. List the prime factors of x.
2, 3, 853
Suppose -11*t + 6 = -8*t. Let m be t/(-10) + (3 - 64/(-20)). Let n(d) = 13*d - 16. What are the prime factors of n(m)?
2, 31
Suppose 712*n - 539448 = 673*n. List the prime factors of n.
2, 7, 13, 19
Let o(s) = -19*s**3 + 5*s**2 - 68*s - 354. List the prime factors of o(-5).
2, 11, 113
Let q = 1543 + 651. List the prime factors of q.
2, 1097
Let l be 4/6*(-1935)/(-10). Suppose 0 = z - 545 - l. List the prime factors of z.
2, 337
Suppose -3*f + 3*z + 99620 + 8860 = 0, 4*z = -3*f + 108515. What are the prime factors of f?
3, 5, 2411
Let f = 100 + -94. What are the prime factors of 1*25 + (f - 12)?
19
Let i = 146 + -81. List the prime factors of (128/10)/(i/650).
2
Suppose 0*v = v + 108. Let m be (v/10)/((-8)/80). Suppose 17*x = 18*x - m. What are the prime factors of x?
2, 3
Suppose 79*w = 60*w - 19. What are the prime factors of (904 - (-30)/(-5)) + w?
3, 13, 23
List the prime factors of (-2)/10 - (12/25)/(4/(-36710)).
5, 881
Let g(v) = 1672*v - 14808. What are the prime factors of g(55)?
2, 2411
Suppose 85*f = 68078 - 12998. List the prime factors of f.
2, 3
Let q = 433 - 562. Let n = q - -403. List the prime factors of n.
2, 137
What are the prime factors of ((-1193)/(-3))/(119378/2436 + -49)?
2, 29, 1193
Suppose 11*m - 62*m + 505155 = 0. What are the prime factors of m?
5, 7, 283
Let j(h) = -198*h**3 - 9*h**2 + 26*h + 64. List the prime factors of j(-5).
3, 31, 263
Suppose -36*y = -81*y + 478440. List the prime factors of y.
2, 3, 443
Let v(m) = -7*m - 14. Suppose -13*c + 17*c + 48 = 0. List the prime factors of v(c).
2, 5, 7
Suppose 22*b - 115 = 501. Suppose -13*s = -b*s + 23100. List the prime factors of s.
2, 5, 7, 11
Suppose -5*g - 254 = -4*d, -9*g + 4*g - 122 = -2*d. Suppose d = -10*f - 34. What are the prime factors of (924/3)/(-2)*5/f?
7, 11
Suppose -4307 = -3*i + 5*x, 2*i + 0*i - 2867 = -x. Suppose 4*d + 5*r - 965 = 0, -2*r - i = -5*d - 236. What are the prime factors of d?
2, 3, 5
Suppose -6*x + 120 + 258 = 0. Let j = x + -63. Suppose j = 6*z - 20*z + 686. List the prime factors of z.
7
Let h(k) = -11 + 14*k - k + k**2 + 0*k. Let d be h(-14). Suppose 0*l - 2*l = -r + 102, -r - d*l + 127 = 0. List the prime factors of r.
2, 7
Suppose -23*p + 194397 = -96944. What are the prime factors of p?
53, 239
Let x be 19/6 + (-2)/12. Let y be x/(-2)*(-476)/42. Suppose -y*c = -7*c - 1000. What are the prime factors of c?
2, 5
Let z(g) = 5*g**2 - 13*g + 8. Let m be z(11). Suppose 5*i - 5*l = 265 + m, 0 = 3*l + 12. What are the prime factors of i?
11, 13
Let l(n) = n**3 - 9*n**2 + 5*n + 66. Let p(d) = -27*d + 68. Let h be p(2). What are the prime factors of l(h)?
2, 3, 31
Let s(b) = b**2 + 5*b - 29. Let n be s(-10). List the prime factors of (159/n - -1)/(2/35).
2, 3, 5
Suppose 3*f + 5*k + 21 = 5*f, -45 = -2*f - 3*k. Suppose -f = 5*s + 47. Let y(n) = -3*n + 26. What are the prime factors of y(s)?
5, 13
Let o(d) = 4*d**3 - 295*d**2 + 170*d - 132. List the prime factors of o(74).
2, 4481
Let l(z) = -66*z**2 + z**3 - 4*z**3 + 116 + 67*z**2 + 4*z**3. What are the prime factors of l(0)?
2, 29
Suppose -370*u + 354*u = -243552. What are the prime factors of u?
2, 3, 43, 59
Suppose 22*k + 9*k - 248 = 0. Suppose -4*x + k = 0, -3*n - 8*x + 12*x = -3172. List the prime factors of n.
2, 5, 53
Suppose -2*h + 54 = 2*p, h + 95 = 5*p - 2*h. What are the prime factors of 132/15*495/p?
2, 3, 11
Let g(n)